-4)*(7 - -5). Suppose k - 159 = -3*w, -4*w - 5*k = -z - 63. What is the units digit of w?
4
Let d = 35 + -33. Suppose -d = 3*n + 1, 0 = 4*y - 2*n - 294. What is the units digit of y?
3
Suppose j = 5*r - 3*j - 21, -2*r - 5*j + 15 = 0. Let b be (-3)/r - (-90)/25. Suppose 77 + 37 = b*i. What is the units digit of i?
8
Suppose 12 = -v - 3*v, 0 = -4*w - v + 2417. Let j = w - 342. What is the tens digit of j?
6
Suppose -5*a + 2*f + 5*f + 106 = 0, 0 = a + 5*f - 2. What is the tens digit of a?
1
Suppose -4*o = 73 - 13. Let u be o*(-1)/5*2. Let w = 18 - u. What is the tens digit of w?
1
Let b be 2*-1*-3*5/(-2). Let f = b - -72. What is the tens digit of f?
5
What is the hundreds digit of (-7 + (1 - -7))/(1/761)?
7
Let b = 1906 - 1108. What is the tens digit of b?
9
Let o(d) = d**2 - 14*d + 2. Let l be o(14). Suppose -265 = -x - 4*s, -l*s = x + s - 262. What is the tens digit of x?
5
Let w = 4106 - 1355. What is the hundreds digit of w?
7
Let j(q) = -22*q - 121. What is the tens digit of j(-10)?
9
Let s(p) = -6*p**2 - 5*p - 6. Let o(b) = 7*b**2 + 5*b + 7. Let d(w) = -3*o(w) - 4*s(w). Let j be d(-3). What is the tens digit of ((-21)/(-5))/(3/j)?
2
Let l(y) = 13*y + 13. What is the units digit of l(7)?
4
Suppose 3*b = -20 + 14, 0 = -3*v + 5*b + 6142. What is the units digit of v?
4
Suppose -154 = 4*m + 698. What is the tens digit of 2 + m*(3 + -4)?
1
Suppose -5 = -5*q, 55 = 4*p - 9*q + 4*q. Suppose t = 3*x + 21, t = -4*x + x + p. What is the tens digit of t?
1
Let b(l) = -2*l - 32. Let g be b(-16). What is the tens digit of -3*(0 + g + -19)?
5
Let g = 10 - -4. Let h(a) = a + 7. Let x be h(-11). What is the units digit of x/14 - (-46)/g?
3
Let t = 40 - 34. Let u = t + 75. What is the units digit of u?
1
Suppose 0 = 3*f + 2*f + 10. Suppose -3*k - 9 = -2*m, 4*k + 4*m + 22 = 2*k. What is the tens digit of 3 + (k - f) + 22?
2
Suppose 2*t + 16 = 10*t. Suppose t*s - 2*p - 288 = 0, 2*s + 0*s = 3*p + 288. What is the units digit of s?
4
Let i(c) = c**3 + 2*c**2 + c + 830. What is the units digit of i(0)?
0
Let l(u) = -1 + 2*u**2 - u**2 - 1. Let o be l(-2). Suppose 5*n - 4*i + o*i - 80 = 0, 0 = -4*n - i + 64. What is the units digit of n?
6
Let d be (-48)/(-5) - (-6)/15. Suppose -m - 2745 = -d*m. What is the units digit of m?
5
Let s(c) = -c**2 + 3*c + 15. Let z be s(-5). Let q be 3/(-9) + (-146)/3. Let u = z - q. What is the tens digit of u?
2
Let q(a) = -a**2 + a + 2. Let j be q(-4). What is the units digit of (-2)/12 - 255/j?
4
Suppose 0 = 2*d + 5*f + 255, -5*f - 125 = d - 2*f. Let h = 204 + d. What is the tens digit of h?
6
Let q = -131 + 983. What is the tens digit of q?
5
Suppose -u + 17 = 3*d, 4*d = -u - 0*u + 22. Let p(l) = 4*l + l**2 - 2*l + 0*l**u + 2. What is the tens digit of p(-4)?
1
Let y be (-19)/(-76) - 125/4. Let f = y - -91. What is the units digit of f?
0
Let j(a) = -a**2 - 20*a + 5. Let i be j(-17). Let z = 192 + i. What is the tens digit of z?
4
Let b = 56 + -10. Suppose 0 = -3*g + b + 152. Suppose 63 = z + 2*a, -z - 2*a - 3*a = -g. What is the tens digit of z?
6
What is the tens digit of 21/1*(-48)/(-14)?
7
Let l(q) be the first derivative of 61*q**3/3 + q**2/2 + 10. What is the units digit of l(1)?
2
Suppose -5*g - 9150 = -5*h, 2*g = 29*h - 24*h - 9150. What is the tens digit of h?
3
Suppose 3*x + 3*n = 2064, 2*x - 5*n = -4*n + 1364. What is the units digit of x?
4
Let c = -34 + 209. What is the tens digit of c?
7
Let u be (-6)/10 - (-11056)/10. Suppose 8*n = -5*n + u. What is the units digit of n?
5
Suppose -v = -3*g + 42, -5*g + 6*g + 226 = -5*v. Let y = -18 - v. What is the tens digit of y?
2
What is the hundreds digit of 74/(-3 + 11/3)?
1
Let y = 44 + -39. Suppose y*o = o + 4. What is the units digit of o?
1
Let d(u) = 2*u + 22. Let z be d(0). Let a = -8 + z. Suppose -a*x = -9*x - 230. What is the units digit of x?
6
Let c(i) = i**2 + 9*i + 25. Suppose 5*r - 22 = -72. What is the tens digit of c(r)?
3
Let w = 125 + -85. Let a = 91 - w. What is the units digit of a?
1
Suppose 20 = -6*y + 4*y. Let r = y - -57. What is the tens digit of r?
4
Suppose 4*k = 16 + 16. Suppose -2*g + 519 = -p, 5*p - 9 = k*p. What is the units digit of g?
8
Let i be (-41)/(5/(-75)*3). Suppose t + 1 + 1 = 0, -2*t + i = q. What is the tens digit of q?
0
Suppose -10*c + 14*c = 52. Let t = 28 - c. What is the tens digit of t?
1
Let d(j) = -8*j + 12. Let v be d(8). Let x = v + 57. What is the units digit of x?
5
Let y(k) = -k + 5. Let c be y(1). What is the units digit of c/26 - ((-9300)/(-26))/(-2)?
9
Let b(v) = v**2 - 4*v + 11. Let f = 21 + 18. Let j be (-189)/f + 6/(-39). What is the tens digit of b(j)?
5
Let u = 1815 - 267. Suppose 114 - u = -6*f. What is the tens digit of f?
3
What is the tens digit of 29/(5 - (-3120)/(-625))?
2
Suppose 0*k + 8 = 2*k. Let d(y) = 2*y - 3. Let j be d(k). What is the units digit of 62/j - (-3)/5?
3
Let l = -42 - -47. Suppose -19 = -j - y, -l*y = j - 10 - 5. What is the tens digit of j?
2
Let n = -109 - -181. What is the tens digit of n?
7
Let n be (8/6)/(16/3480). Suppose -3*v + n = 56. What is the units digit of v?
8
Let z(q) = q - 18. Let x be z(21). Suppose -7*b + 2*y = -3*b - 22, x*b = y + 15. What is the units digit of b?
4
Suppose n - 1541 = -4*i, -765 = 4*i - 6*i + 5*n. What is the tens digit of i?
8
What is the units digit of 0 - (-14 + -84 - (0 + 5))?
3
What is the tens digit of 74*74/8 - (-6)/(-4)?
8
Let t be 2/15 + 978/90. Let z(a) = -2*a + 7*a - 3*a**2 + t*a**3 - 7*a**3 + 3 - 5*a**3. What is the units digit of z(-6)?
1
Let b(z) = z + 316. What is the hundreds digit of b(-38)?
2
Let q be 174/(-9)*21/14. Let n = q + 41. What is the units digit of n?
2
Let f be 0 + 2 + (-12)/4. What is the units digit of -1 + 52 + -2 + f?
8
Let j be 22 + (2/(-8))/(2/(-8)). Let h = -7 - -39. Suppose j + h = 5*n. What is the units digit of n?
1
Suppose 0 = -v + 3*t - 0*t + 24, -2*t + 61 = 3*v. Let l be (-172)/14 - (-6)/v. What is the tens digit of (-18)/l - (-154)/4?
4
Let t(a) = 72*a + 3823. What is the units digit of t(0)?
3
Let w = -3373 + 4861. What is the hundreds digit of w?
4
Let k(o) = -o**2 + 31*o + 145. What is the tens digit of k(31)?
4
Suppose 0 = 4*q + 2 - 10. Suppose 0*d - 110 = -q*d. What is the units digit of d?
5
What is the units digit of 41/((-492)/(-24840)) - (-1 - -3)?
8
Let f(y) = -8*y + 1094. What is the thousands digit of f(0)?
1
What is the hundreds digit of (424495/73)/(5/2)?
3
Let k be 3/(-21) + 118/(-7). Let o be (-4)/(-4 - k/4). What is the tens digit of ((-188)/o)/((-2)/(-8))?
4
Let n = -21 - -23. Suppose 55 = 2*b + 3*g, 0*b + 60 = n*b + 2*g. What is the units digit of b?
5
Let r be 3/((-6)/(-8)) - -1. Suppose -r*y - 397 - 668 = 0. What is the tens digit of (-2)/(-6) - y/9?
2
Suppose 3*n - 2 = -r, -r + 2 = -0*r - 5*n. Let t = r - -12. What is the units digit of t?
4
Suppose -3*k + 23 = k + 5*s, 5*s = -5*k + 25. Suppose 0 = g + 2*c - 68, k*g = 7*g - 5*c - 265. What is the units digit of g?
8
Suppose -2 = 2*n - 10. Suppose 0 = 3*w + 2*i + i - 3, 0 = -n*i - 12. What is the units digit of w?
4
Let l(w) = 3*w - 25. Let g be l(10). Suppose 4*x - 460 = -4*c, g*x + 0*c = -2*c + 563. What is the units digit of x?
1
Let c = -302 + 1102. What is the hundreds digit of c?
8
Suppose -9 - 8 = -k. Let q = k + -14. What is the units digit of q?
3
Let r be 12/(-60) - 161/(-5). Suppose -4*s - 2*c = -r, s - c = 1 + 1. What is the units digit of s?
6
Let v = 253 + 311. What is the units digit of (-3)/((-9)/v) - -3?
1
Let v(x) = x**3 + 8*x**2 + x + 14. Suppose 0*c = 4*c + 24. What is the units digit of v(c)?
0
Let v = 680 + -424. What is the units digit of v?
6
Suppose -234 + 846 = 4*f. What is the hundreds digit of f?
1
Let g be 1 + (-30)/34 + (-270)/(-306). What is the units digit of ((-498)/8)/(g + 10/(-8))?
9
Suppose 0*l - 5970 = -5*l + 3*v, -2*l + 2388 = v. What is the units digit of l?
4
Suppose 2*p - 4 = 5*l, -4*p - 4*l = -8*l + 4. Let d(k) = 31*k**2 + 2*k - 5. What is the hundreds digit of d(p)?
2
What is the units digit of (237/2 - -10)*4/1?
4
Let w = 1628 + 933. What is the hundreds digit of w?
5
Let v be (-14)/((-4)/28 + 0). Suppose 19 = 3*h - v. What is the tens digit of h?
3
Let v(n) be the first derivative of 17*n**3/3 + n**2 - 8*n + 7. What is the units digit of v(2)?
4
Let k(w) = 4*w**2 + 18*w - 11. Let a be k(6). 